{"id":69,"date":"2025-12-13T16:14:44","date_gmt":"2025-12-13T16:14:44","guid":{"rendered":"https:\/\/saravarela.fpcei.eu\/?page_id=69"},"modified":"2026-01-24T14:59:59","modified_gmt":"2026-01-24T14:59:59","slug":"noticias-rss","status":"publish","type":"page","link":"https:\/\/saravarela.fpcei.eu\/?page_id=69","title":{"rendered":"Noticias RSS"},"content":{"rendered":"\n<p><a href=\"https:\/\/www.vogue.com\/rss\">https:\/\/www.vogue.com\/rss<\/a><\/p>\n\n\n\n<p>Es el flujo principal de actualidad sobre <strong>alta costura, tendencias de pasarela y estilo de vida de lujo<\/strong>. Ofrece noticias de \u00faltimo minuto sobre colecciones de dise\u00f1adores, consejos de belleza y reportajes sobre las celebridades m\u00e1s ic\u00f3nicas del momento.Es el flujo principal de actualidad sobre <strong>alta costura, tendencias de pasarela y estilo de vida de lujo<\/strong>. Ofrece noticias de \u00faltimo minuto sobre colecciones de dise\u00f1adores, consejos de belleza y reportajes sobre las celebridades m\u00e1s ic\u00f3nicas del momento. <\/p>\n\n\n\n<p><a href=\"https:\/\/www.purseblog.com\/news\">https:\/\/www.purseblog.com\/news<\/a><\/p>\n\n\n\n<p>Es la revista digital m\u00e1s influyente del sector, donde analizan cada nuevo lanzamiento de las grandes casas de moda y las marcas emergentes. Es el lugar perfecto para ver qu\u00e9 bolsos llevan las celebridades y qu\u00e9 estilos dominar\u00e1n la pr\u00f3xima temporada.<\/p>\n\n\n\n<p><a href=\"https:\/\/www.vogue.es\/moda\/articulos\/bolsos\">https:\/\/www.vogue.es\/moda\/articulos\/bolsos<\/a><\/p>\n\n\n\n<p>La autoridad m\u00e1xima en moda en espa\u00f1ol ofrece una selecci\u00f3n curada de los bolsos que son tendencia, desde los dise\u00f1os m\u00e1s cl\u00e1sicos hasta los m\u00e1s vanguardistas. Sus art\u00edculos son ideales para entender c\u00f3mo combinar accesorios con las tendencias de pasarela actuales.<\/p>\n\n\n\n<p><a href=\"https:\/\/fashionunited.es\/noticias\/ferias\/milano-unica-registra-un-crecimiento-de-compradores-extranjeros\/2026012348196\">https:\/\/fashionunited.es\/noticias\/ferias\/milano-unica-registra-un-crecimiento-de-compradores-extranjeros\/2026012348196<\/a><\/p>\n\n\n\n<p>Esta noticia destaca el \u00e9xito de la feria textil <strong>Milano Unica<\/strong>, se\u00f1alando un aumento clave en la asistencia de compradores internacionales, especialmente de mercados como EE. UU., China y Europa. El evento se consolida como el epicentro para descubrir materiales de alta gama y tendencias de sostenibilidad que definir\u00e1n las pr\u00f3ximas colecciones de moda y accesorios.<\/p>\n","protected":false},"excerpt":{"rendered":"<p>https:\/\/www.vogue.com\/rss Es el flujo principal de actualidad sobre alta costura, tendencias de pasarela y estilo de vida de lujo. Ofrece [&hellip;]<\/p>\n","protected":false},"author":2,"featured_media":0,"parent":0,"menu_order":0,"comment_status":"closed","ping_status":"closed","template":"","meta":{"_monsterinsights_skip_tracking":false,"_monsterinsights_sitenote_active":false,"_monsterinsights_sitenote_note":"","_monsterinsights_sitenote_category":0,"site-sidebar-layout":"default","site-content-layout":"","ast-site-content-layout":"default","site-content-style":"default","site-sidebar-style":"default","ast-global-header-display":"","ast-banner-title-visibility":"","ast-main-header-display":"","ast-hfb-above-header-display":"","ast-hfb-below-header-display":"","ast-hfb-mobile-header-display":"","site-post-title":"","ast-breadcrumbs-content":"","ast-featured-img":"","footer-sml-layout":"","ast-disable-related-posts":"","theme-transparent-header-meta":"","adv-header-id-meta":"","stick-header-meta":"","header-above-stick-meta":"","header-main-stick-meta":"","header-below-stick-meta":"","astra-migrate-meta-layouts":"default","ast-page-background-enabled":"default","ast-page-background-meta":{"desktop":{"background-color":"var(--ast-global-color-5)","background-image":"","background-repeat":"repeat","background-position":"center center","background-size":"auto","background-attachment":"scroll","background-type":"","background-media":"","overlay-type":"","overlay-color":"","overlay-opacity":"","overlay-gradient":""},"tablet":{"background-color":"","background-image":"","background-repeat":"repeat","background-position":"center center","background-size":"auto","background-attachment":"scroll","background-type":"","background-media":"","overlay-type":"","overlay-color":"","overlay-opacity":"","overlay-gradient":""},"mobile":{"background-color":"","background-image":"","background-repeat":"repeat","background-position":"center center","background-size":"auto","background-attachment":"scroll","background-type":"","background-media":"","overlay-type":"","overlay-color":"","overlay-opacity":"","overlay-gradient":""}},"ast-content-background-meta":{"desktop":{"background-color":"var(--ast-global-color-4)","background-image":"","background-repeat":"repeat","background-position":"center center","background-size":"auto","background-attachment":"scroll","background-type":"","background-media":"","overlay-type":"","overlay-color":"","overlay-opacity":"","overlay-gradient":""},"tablet":{"background-color":"var(--ast-global-color-4)","background-image":"","background-repeat":"repeat","background-position":"center center","background-size":"auto","background-attachment":"scroll","background-type":"","background-media":"","overlay-type":"","overlay-color":"","overlay-opacity":"","overlay-gradient":""},"mobile":{"background-color":"var(--ast-global-color-4)","background-image":"","background-repeat":"repeat","background-position":"center center","background-size":"auto","background-attachment":"scroll","background-type":"","background-media":"","overlay-type":"","overlay-color":"","overlay-opacity":"","overlay-gradient":""}},"footnotes":""},"class_list":["post-69","page","type-page","status-publish","hentry"],"_links":{"self":[{"href":"https:\/\/saravarela.fpcei.eu\/index.php?rest_route=\/wp\/v2\/pages\/69","targetHints":{"allow":["GET"]}}],"collection":[{"href":"https:\/\/saravarela.fpcei.eu\/index.php?rest_route=\/wp\/v2\/pages"}],"about":[{"href":"https:\/\/saravarela.fpcei.eu\/index.php?rest_route=\/wp\/v2\/types\/page"}],"author":[{"embeddable":true,"href":"https:\/\/saravarela.fpcei.eu\/index.php?rest_route=\/wp\/v2\/users\/2"}],"replies":[{"embeddable":true,"href":"https:\/\/saravarela.fpcei.eu\/index.php?rest_route=%2Fwp%2Fv2%2Fcomments&post=69"}],"version-history":[{"count":5,"href":"https:\/\/saravarela.fpcei.eu\/index.php?rest_route=\/wp\/v2\/pages\/69\/revisions"}],"predecessor-version":[{"id":292,"href":"https:\/\/saravarela.fpcei.eu\/index.php?rest_route=\/wp\/v2\/pages\/69\/revisions\/292"}],"wp:attachment":[{"href":"https:\/\/saravarela.fpcei.eu\/index.php?rest_route=%2Fwp%2Fv2%2Fmedia&parent=69"}],"curies":[{"name":"wp","href":"https:\/\/api.w.org\/{rel}","templated":true}]}}